the greatest common divisor of t and b?
22
Let a be (-22)/33 + 2/3. Suppose a = 10*p - 7*p - 72. Calculate the greatest common divisor of 16 and p.
8
Let r = -7 - -11. Suppose r*k + 0 - 16 = 0. Let p be 20/(-15)*(-66)/k. What is the highest common factor of p and 11?
11
Let t(w) = -11*w + 738. Let s be t(67). Let z(u) = u**2 + 2*u - 1. Let r be z(-5). What is the greatest common factor of s and r?
1
Let k = 60 + -27. Suppose 5*x - 11 = 4. What is the greatest common factor of k and x?
3
Suppose -20*k + 5*a - 1486 = -23*k, 3*k = -3*a + 1488. What is the greatest common divisor of 7 and k?
7
Suppose -43 = -3*v + l, 2 + 1 = -3*l. Calculate the highest common factor of 287 and v.
7
Let o = -27 - -17. Let b be (-36)/o - (-9)/(-15). Suppose 3*x = -x + b*s + 711, -15 = -5*s. Calculate the greatest common divisor of 36 and x.
36
Let a(p) = -3*p - 23. Let f be a(6). Let j = 52 + f. Calculate the highest common divisor of j and 55.
11
Let h = 350 + -278. Calculate the highest common factor of h and 36.
36
Let x(r) = -r**2 + 13*r - 6. Let o be x(10). Suppose 72 = -z + 4*z. Calculate the greatest common divisor of z and o.
24
Let g be -1*37*-1*1. Suppose 0 = -5*t - i + 368, -5*i = 3*t - 2*i - 216. What is the highest common divisor of g and t?
37
Let f be 5 - 9*(-2 + (-8)/12). What is the highest common factor of 87 and f?
29
Let x = -76 + 35. Let w = x + 60. Let n(r) = 4*r**3 - 3*r**2 - r - 2. Let l be n(3). What is the highest common factor of w and l?
19
Let y(h) = 31*h - 33. Let k be y(6). Let t = 0 + 5. Suppose -111 + 26 = -t*m. Calculate the highest common divisor of k and m.
17
Let t = 531 + -405. Calculate the highest common divisor of 231 and t.
21
Let d = -53 + 172. Calculate the greatest common divisor of d and 102.
17
Let t(b) = b**2 - 17*b + 13. Let w be t(12). Let q = w - -71. What is the highest common factor of q and 3?
3
Let o = -53 - -110. Let x = 153 - o. What is the greatest common factor of x and 12?
12
Let p = 15 + -30. Let u = 50 + p. Let b(o) = 6*o - 31. Let g be b(11). What is the highest common divisor of u and g?
35
Suppose 74 = 4*q - p, -4*q + 4*p - 9*p = -62. Calculate the highest common divisor of q and 45.
9
Suppose 4*l + w = -0*l + 14, 2*l + 4 = 5*w. Let o(g) = -g**2 + 4*g + 2. Let u be o(4). Suppose u*v + 6 = 3*v. What is the greatest common divisor of l and v?
3
Suppose -5*w = -h - 4, -53*h + 51*h = -5*w - 12. What is the highest common factor of h and 2560?
16
Let y(m) = -24*m**3 + m**2 + m + 1. Let f be y(-1). Suppose 0 = -5*p + 13*g - 9*g + 25, -3*p + 5*g = -15. Calculate the highest common divisor of f and p.
5
Let w = 58 + -6. Let b = 58 - w. Let c be ((-1)/2)/((-1)/12). Calculate the greatest common divisor of c and b.
6
Suppose 0 = -2*o + 4*o - 8. Suppose o*v - 26 = 78. Let s(u) = -13*u. Let h be s(-5). Calculate the greatest common divisor of h and v.
13
Let m = -89 + 104. Calculate the greatest common divisor of m and 435.
15
Suppose -25 = -2*m + 847. Calculate the highest common divisor of m and 4.
4
Let i = -2 - -4. Suppose 3*n - 74 = 3*z + 2*z, 4*n + z = 114. Suppose -10*w + n = -3*w. What is the greatest common factor of w and i?
2
Let j be 26/(-3 + 9 + -5). Let m = -15 + 28. What is the greatest common factor of m and j?
13
Let n be (-54)/(-10) - (-6)/(-15). Suppose 0 = -n*s + s + 8. Let m(y) = 16*y**3 + 2*y**2 + y - 2. Let i be m(s). What is the highest common divisor of i and 17?
17
Suppose 2*d + 6*l - 1082 = 9*l, 3*d - 1642 = -5*l. What is the greatest common divisor of d and 64?
32
Let b = 220 - 107. Suppose -7*w + 31 = 10. Suppose w*l = b - 5. Calculate the highest common factor of 9 and l.
9
Let x be (-1)/(((-1)/(-15))/((-68)/170)). What is the greatest common factor of x and 1014?
6
Suppose 3*c - 93 + 591 = 3*w, 0 = 4*c + 5*w + 664. Let l = 181 + c. Suppose 0 = 5*o - 19 - 206. Calculate the highest common factor of l and o.
15
Let v be (-2)/(-7) + (-455)/49. Let d be (-2)/v + 172/36 + 5. What is the highest common factor of 30 and d?
10
Let z = 598 - 390. Calculate the highest common divisor of 16 and z.
16
Let f be 1/(1/23 + 0). Let g(k) = -k**3 - k - 12. Let r be g(0). Let o be -506*(r/(-8) + -2). What is the greatest common factor of f and o?
23
Suppose 31*d - 30*d - 2*n = 75, 81 = d + n. Calculate the greatest common divisor of d and 237.
79
Suppose 0 = -2*h - 4*q + 24, 5*q - 18 - 13 = -3*h. Suppose 3*i = -6 + 18. What is the greatest common factor of i and h?
2
Suppose 3*n + 6 = -2*z - 2*n, 4*z - 10 = n. Suppose 41 = z*d + 1. Calculate the highest common factor of 60 and d.
20
Let g be (1 - -5)/(0 - 1) + 9. Calculate the highest common divisor of g and 69.
3
Suppose -3*p + 4 = 4*r - 10, p + 3*r = -2. Let x be 3*(-2)/2 + p. Suppose 0 = -k + x*k - 120. Calculate the greatest common divisor of k and 220.
20
Let w = 89 + -77. Let u be (2 + w/9)/((-4)/(-42)). Calculate the highest common factor of 7 and u.
7
Suppose 3*w = -4*a + 1433, w - 60*a + 59*a = 473. Calculate the highest common divisor of 57 and w.
19
Let l be 2 + (2 - 1)*2. Suppose 0 = -l*o - 0*o + 20. Calculate the highest common factor of o and 1.
1
Let b(c) = 134 + 0*c - c**2 - 101 + 4*c. Let s be b(0). Calculate the greatest common divisor of s and 3.
3
Let x(u) = -3*u + 0 + 2*u**2 + 7*u - 2. Let m be x(-4). What is the highest common factor of 70 and m?
14
Let p = -168 + 244. Let f = -46 + p. What is the highest common factor of 135 and f?
15
Suppose 0 = -2*s + 15*s - 390. Calculate the highest common factor of s and 30.
30
Suppose -2 = -3*s + 13. Let n(i) = -3*i**2 + 5*i + 6*i**2 + 3 - i**3 + 3 + i**2. Let q be n(s). What is the highest common divisor of q and 3?
3
Let s be ((-9)/(-2))/((-75)/(-350)). Suppose -7 = -7*a + s. What is the greatest common factor of 2 and a?
2
Suppose 4*k = o - 11, 4*o = -5*k + 2*o - 4. Let g be (-55)/(-5) + (-5 - k). Calculate the highest common divisor of 104 and g.
8
Suppose 224 = 24*k - 10*k. What is the highest common divisor of 168 and k?
8
Let a(u) be the first derivative of u**2/2 + 30*u + 16. Let q be a(-22). What is the greatest common factor of q and 40?
8
Let n(s) = 6*s**2 - 4*s + 4. Let l be n(2). Suppose 5*g - 3*a - 63 = 0, 0*g + 4*a = -2*g + l. What is the highest common divisor of 12 and g?
12
Let k = -4 + 0. Let d = 8 + k. Let p = d - -6. What is the greatest common divisor of 10 and p?
10
Let j(r) = -7*r + 51. Let c be j(6). Let g(w) = -w**3 + 11*w**2 - 7*w + 6. Let n be g(c). Calculate the highest common divisor of 30 and n.
15
Suppose 43 = 5*y - 42. Calculate the highest common divisor of y and 850.
17
Suppose 0 = 3*p - 5*f - 39 + 2, -41 = -5*p - 2*f. What is the highest common factor of p and 15?
3
Let d = 1 - -2. Let w = -9 + d. Let u = w + 12. Calculate the greatest common factor of u and 30.
6
Let g(w) = w**3 - 15*w**2 + 3*w + 5. Let l be g(15). Suppose -5*s + 6 = 1. Let p be s/2 + 38/4. Calculate the greatest common divisor of l and p.
10
Let o(i) = -i**3 - 6*i**2 - 8*i - 6. Let p be o(-6). Suppose -17*n + 15*n = -126. What is the highest common factor of p and n?
21
Let c = 813 - 807. What is the greatest common divisor of 162 and c?
6
Let z(r) = -r**3 + 7*r**2 + 16*r - 38. Let s be z(8). Calculate the greatest common divisor of 468 and s.
26
Let u be (-2)/5 - 1001/(-65). Suppose 9*r - 6*r - 15 = 0. What is the highest common divisor of r and u?
5
Suppose -3*y - 1013 = -2*y. Let w = -1677 - y. Let m be (-2)/9 + w/(-72). Calculate the highest common factor of m and 72.
9
Let n(q) = 13*q**2 - 6*q. Let c be n(4). Suppose 0 = -4*b - 3*a + 164, 5*b - 2*a = b + c. Calculate the greatest common factor of 484 and b.
44
Let w = -4 + 548. What is the greatest common divisor of 17 and w?
17
Let s(x) = -x**2 - 54*x + 76. Let w be s(-55). Calculate the highest common divisor of 91 and w.
7
Let k(n) = 20*n + 308. Let h be k(-8). What is the highest common divisor of 111 and h?
37
Let t = 497 - 290. Let d = -3 + 53. Let o = 73 - d. Calculate the greatest common factor of t and o.
23
Suppose 2*m - 3*s - 108 = 0, -19*m + 22*m = 4*s + 164. What is the highest common factor of m and 108?
12
Suppose -227 = -3*g - h, 3*g - 38*h - 233 = -42*h. Calculate the highest common factor of 510 and g.
15
Suppose -60*y + 65*y = 65. What is the greatest common factor of 520 and y?
13
Let x be 278/(-2919) - 265